is 1223332333 + 2322?
1230001321
In base 9, what is -6750745 - -5?
-6750740
In base 9, what is -1258870676 + -5?
-1258870682
In base 14, what is -3 + 54873?
54870
In base 3, what is 221 - -100100202222120?
100100210000111
In base 4, what is 10121303 - 1231?
10120012
In base 9, what is 4064602 + -2?
4064600
In base 8, what is 165754225 + 3?
165754230
In base 2, what is -101000100110001010 + 11100100?
-101000100010100110
In base 5, what is 234023 + -1010?
233013
In base 7, what is -120113013 - 26?
-120113042
In base 14, what is 0 + 2944862?
2944862
In base 16, what is -220b + 21c?
-1fef
In base 15, what is ac1c160 - 3?
ac1c15c
In base 3, what is 0 - 1121002001111?
-1121002001111
In base 16, what is -8397fb - 5?
-839800
In base 15, what is -3396b5 + 10?
-3396a5
In base 4, what is -112 - 120213002311?
-120213003023
In base 14, what is c3b2 - 3289?
9127
In base 14, what is 0 - 412573?
-412573
In base 11, what is 1036a6 + -811?
102995
In base 2, what is -100001100001010011 - -1001100?
-100001100000000111
In base 5, what is 3 + -22441021041?
-22441021033
In base 2, what is -1011000100111011 - 1010101000110?
-1100011010000001
In base 16, what is -490b08 - 1f?
-490b27
In base 15, what is -1349edb - 4a?
-134a036
In base 15, what is -351511 + 7?
-351509
In base 16, what is -16cc - -3fa7?
28db
In base 13, what is c - -14824609?
14824618
In base 3, what is -120201222011 - 1100?
-120202000111
In base 12, what is 4148045 - 14?
4148031
In base 4, what is -111302320012 + -2?
-111302320020
In base 8, what is 217344 - -57?
217423
In base 5, what is 0 - 3400020430?
-3400020430
In base 3, what is -2122112 + 20012211?
10120022
In base 5, what is 232 - 231022433?
-231022201
In base 2, what is 101 + -10001111101000011110001010?
-10001111101000011110000101
In base 4, what is -2 + 3001101220?
3001101212
In base 9, what is 16077 + -617?
15360
In base 14, what is 13bd8b2 + 6?
13bd8b8
In base 3, what is 1211 + 1212211202?
1212220120
In base 16, what is 224c792 + 9?
224c79b
In base 5, what is 0 + -12042232333?
-12042232333
In base 6, what is 5403 + -3313400?
-3303553
In base 8, what is 27 + 324100?
324127
In base 7, what is -225113455 - 242?
-225114030
In base 10, what is -2216 - -1945?
-271
In base 16, what is 1acd8f - 5?
1acd8a
In base 7, what is -1511 - -4604366?
4602555
In base 3, what is 201 - -12200212200010?
12200212200211
In base 9, what is 7 + 13268?
13276
In base 12, what is 545156 - 27?
54512b
In base 12, what is bb71a9 + -3?
bb71a6
In base 14, what is -9 + -2230ac?
-2230b7
In base 13, what is 71516 + 4?
7151a
In base 10, what is -25350773 - -2?
-25350771
In base 5, what is 2 + 2004414104?
2004414111
In base 13, what is b + -10537429?
-1053741b
In base 7, what is -3612 + -56265?
-63210
In base 3, what is 221120111112022111 - 0?
221120111112022111
In base 10, what is 128181 - 1566?
126615
In base 9, what is 125765862 + 4?
125765866
In base 10, what is 27568 + 37?
27605
In base 4, what is -2 - -112013030012?
112013030010
In base 11, what is -68a - -69550?
68971
In base 5, what is 1134343 + -14123?
1120220
In base 8, what is -4 - 651032343?
-651032347
In base 10, what is 259630 + 137?
259767
In base 11, what is -5 + -8785056?
-8785060
In base 12, what is -6 - 2711a006?
-2711a010
In base 12, what is 2707650 + -5?
2707647
In base 16, what is -1f098 + -22?
-1f0ba
In base 5, what is 142140 + -204304?
-12114
In base 13, what is 14340c - -2?
143411
In base 3, what is 11011212121 - -1012220?
11020002111
In base 11, what is 330a0148 - 7?
330a0141
In base 16, what is 221 - -401f?
4240
In base 4, what is -103002212320132 - 0?
-103002212320132
In base 12, what is 2 - -32995b4?
32995b6
In base 8, what is -2 + -372642652?
-372642654
In base 12, what is -13a63 - -74?
-139ab
In base 15, what is 1058 + 10c5?
212d
In base 8, what is -3 - -563734273?
563734270
In base 10, what is 333947 - -42?
333989
In base 15, what is -e17dd2 + -5?
-e17dd7
In base 7, what is -13051 - 34040?
-50121
In base 13, what is 38038 + -49?
37cbc
In base 14, what is 7ccc317 + -3?
7ccc314
In base 3, what is 11112011102220101 + 10?
11112011102220111
In base 5, what is -414 + -2432000?
-2432414
In base 13, what is -11046c8a - -1?
-11046c89
In base 11, what is -245a6a808 + -2?
-245a6a80a
In base 12, what is 189 + 9a2b?
9bb8
In base 12, what is -b99477 + -4?
-b9947b
In base 4, what is 3 + 100320301113?
100320301122
In base 7, what is -2264045 + 32?
-2264013
In base 9, what is -3 - 7087623?
-7087626
In base 8, what is -3272 - -43036?
37544
In base 10, what is -25346 + 31054?
5708
In base 8, what is 13 - -4652647?
4652662
In base 11, what is 3318 + 31?
3349
In base 12, what is -5109 + 1a77b?
15672
In base 12, what is 8 - 38565b?
-385653
In base 4, what is 312211 + 1133110?
2111321
In base 15, what is 10528ee - 2?
10528ec
In base 5, what is 142143 + -302304?
-110111
In base 6, what is -11242222 + -35?
-11242301
In base 12, what is 55a + -17?
543
In base 8, what is 12301 - -13352?
25653
In base 2, what is 0 + -100101001111100110011010111?
-100101001111100110011010111
In base 10, what is -1 - 12192826?
-12192827
In base 10, what is -177876 + 12?
-177864
In base 4, what is 100012121 - -2033?
100020220
In base 15, what is -2 + bb27e1?
bb27de
In base 6, what is -5 + -204512241?
-204512250
In base 12, what is 33415 + -2641?
30994
In base 11, what is 5 - 48a2283?
-48a2279
In base 16, what is 9 + 135ad8?
135ae1
In base 4, what is -203303030033 - -20?
-203303030013
In base 14, what is 1b4820 - 3?
1b481b
In base 14, what is 27a5 + -7c9?
1dba
In base 3, what is -10 - 11012210110?
-11012210120
In base 8, what is -341 - -6556?
6215
In base 10, what is 275 + -765?
-490
In base 12, what is -20497818 - 2?
-2049781a
In base 15, what is -16a0364 + -5?
-16a0369
In base 15, what is -2 - -ddca08?
ddca06
In base 2, what is 10001010001011 - -1000101011?
10010010110110
In base 6, what is 21144003 - 51?
21143512
In base 4, what is -11301013 - -10230022?
-1010331
In base 5, what is -114000 + -43320?
-212320
In base 16, what is -e3 - 1aa1?
-1b84
In base 8, what is 0 + 440566603?
440566603
In base 14, what is 2922 - b005?
-84c3
In base 14, what is -4 - 1da3690?
-1da3694
In base 7, what is -6351053 + 10?
-6351043
In base 13, what is -5 - 57a6559?
-57a6561
In base 14, what is 12 - -a1016?
a1028
In base 8, what is -105 + -714230?
-714335
In base 15, what is 73a4a7 + -25?
73a482
In base 2, what is -10010010110100100101000011011 - -11?
-10010010110100100101000011000
In base 9, what is -21880347 - 0?
-21880347
In base 14, what is -16d + -361158?
-3612c7
In base 5, what is 4001014342 + -10?
4001014332
In base 13, what is 126b + -17435?
-16197
In base 2, what is 10100111000100 - 110001000000?
1110110000100
In base 13, what is 31195 + 371?
31536
In base 5, what is -44 - -20344224?
20344130
In base 8, what is -130 - 56567?
-56717
In base 16, what is 309 + -410f?
-3e06
In base 2, what is -100111111010101001100110 + 101?
-100111111010101001100001
In base 10, what is -2 - 113271206?
-113271208
In base 14, what is 45b16d8 + 1?
45b16d9
In base 2, what is -1110011010111111110 - 1111000011?
-1110011100111000001
In base 11, what is 56749 + 415?
57063
In base 2, what is 101010 - -1000000000110000011100000?
1000000000110000100001010
In base 12, what is 623 - -3077b?
311a2
In base 2, what is -111001 + 100111011010110?
100111010011101
In base 11, what is 4918 + -1790?
3138
In base 15, what is 301d - 217?
2d06
In base 4, what is 31103000202 - 22?
31103000120
In base 8, what is -4771727 - 113?
-4772042
In base 14, what is 502 + 1ad08?
1b40a
In base 5, what is 123224132 + -32?
123224100
In base 16, what is -21 - 349e0b?
-349e2c
In base 12, what is 7894628 + -7?
7894621
In base 10, what is -191 - 159654?
-159845
In base 5, what is -224 + 33133321?
33133042
In base 5, what is 11001141 - 10423?
10440213
In base 11, what is -110 + -3654a?
-3665a
In base 6, what is -1325 - -13312?
11543
In base 2, what is -11110100011 - -1001111100100?
110001000001
In base 8, what is 4 - -25304345?
25304351
In base 12, what is -bab + 65559?
6456a
In base 3, what is 111001010011 - -1122?
111001011210
In base 4, what is 2330 + 3320312?
3323302
In base 13, what is -1940817 + 5?
-1940812
In base 12, what is 98 - -2b7349?
2b7425
In base 7, what is -1102360633 - 3?
-1102360636
In base 11, w